 Let l be y(33). What is u(l)?
-8
Let b = -1846 + 1840. Let y(i) = 9*i + 2. Let z(u) = u. Let g(v) = -2. Let r(d) = g(d) - 5*z(d). Let m(l) = b*y(l) - 11*r(l). What is m(8)?
18
Let q(f) = 8 - 3 + 5*f - 4*f + 5. Let z = 24 - 10. Suppose 3*r - r + z = 0. Calculate q(r).
3
Let d be 20/(-25)*(-4 + -6). Let i(b) = d + 11 + 0 - b + 0*b. Let a be i(19). Let o(u) = -u**3 + u**2 + u + 8. Determine o(a).
8
Let c(q) = -q**2 - 12*q + 100. Let d(b) = -b**3 - 56*b**2 - 52*b + 146. Let f be d(-55). Determine c(f).
-33
Let u = -50 + 82. Let x be (-64)/(-112) + u/(-7). Let t(o) = -2*o**2 - o + 1. Give t(x).
-27
Let p(u) = -u**3 + 6*u**2 + 2*u + 7. Let q = 2742 + -2736. Give p(q).
19
Suppose -5*s + 43 + 237 = 0. Let k = -40 + s. Let q(j) = -2*j - 15 + k + j + 2*j. Determine q(-6).
-5
Let r(p) be the third derivative of -p**5/60 - 5*p**4/12 - 4*p**3 - 4*p**2 + 15*p. Let g be r(-9). Let q(f) = f**2 + 17*f + 32. Give q(g).
2
Let b(l) = 11*l + 16*l + 8*l - 13*l**2 - 19*l + 11*l**2 - 30. Give b(3).
0
Let d(n) = -n - 18. Let j = 73 - 68. Suppose -2*w = j*w - 11*w. What is d(w)?
-18
Suppose -61*m = -89*m + 1988. Let w = 79 - m. Let l(b) = -b**3 + 7*b**2 + 9*b + 1. Calculate l(w).
9
Let c(d) = -26*d - 81. Let s(m) = -34*m - 78. Let f(v) = -5*c(v) + 4*s(v). What is f(15)?
3
Suppose -29*p + 6 = -27*p. Let d(c) = -3*c**3 + 4*c**p - 3*c**2 - 2 - 32*c + 16*c + 14*c. Give d(3).
-8
Let t = -151204 + 151198. Let h(z) = -6*z - 7. Suppose -5*c + 27 = 2*i, 2*c - 7*i - 34 = -2*i. Let y(g) = -5*g - 7. Let o(q) = c*y(q) - 6*h(q). What is o(t)?
-13
Let l = -81 + 84. Suppose 2*u = -l*u + 4*i - 40, -u = i - 1. Let f(p) = p**3 + 4*p**2 + p - 4. Determine f(u).
-8
Let m(p) = -17*p + 34113*p**2 + 34112*p**2 - 102335*p**2 - 24 + 34112*p**2. What is m(9)?
-15
Let r(k) be the third derivative of -k**4/12 - 7*k**3/6 + 3*k**2. Let z(w) = -31*w + 924. Let a be z(30). What is r(a)?
5
Let m = 6 + -5. Let q(p) be the third derivative of 7*p**5/60 - p**4/24 + 3794*p**2. What is q(m)?
6
Let b(i) be the first derivative of -19*i**2 + 381*i + 6296. Give b(10).
1
Let x be 0 - -2 - (-10)/(-5). Suppose -3*r + 5*r - 12 = x. Suppose 4*o = r*o + t - 11, o + t = 6. Let i(g) = -g**2 + 7*g - 2. Give i(o).
8
Suppose -2*p = 2, 3*c = c + 2*p + 6. Suppose 2*w - c*m - 8 = -0*m, -5*m = 5*w. Let h(r) = r**3 - 4*r**2 + r - 1. Give h(w).
-7
Let f be ((-8)/(-20))/(2/40). Let r(x) = -3*x + 9*x - f*x - 5*x. Calculate r(-2).
14
Let z(q) = q + 6. Let c be z(2). Let u(x) be the second derivative of x**3/6 - x**2 + 5*x + 62. Calculate u(c).
6
Let k(g) = -g**3 - 3*g**2 + 27*g + 4. Let d be 7/((-175)/10)*(-6 - 4). Determine k(d).
0
Let t(j) = 28*j - 3. Let n(i) = 155*i - 14. Let v(b) = -2*n(b) + 11*t(b). Calculate v(-5).
5
Let d(x) = 2*x - 13. Let o be d(8). Suppose -o*b = -b. Let k(t) = b*t**2 + t**2 - 5 + 17*t - 21*t. Determine k(6).
7
Let g(w) = -2*w + 129. Let x(a) = 2*a - 315. Let j(n) = 5*g(n) + 2*x(n). What is j(4)?
-9
Let s(a) = 12*a**3 - 2*a**2 - 3*a - 2. Let f = 6354 - 6355. Calculate s(f).
-13
Let g(x) = 2479*x + 2489*x + 23 - 4970*x. What is g(11)?
1
Let f = -8 + 13. Suppose -f*r + 11*r = 174. Suppose 3*u - 5*z = r, -5*u + 4*z + 46 = 2. Let v(n) = n**2 - 8*n + 7. What is v(u)?
7
Let g(q) be the first derivative of q**3/3 + 3*q**2/2 - 3272. What is g(-5)?
10
Let k = -310 + 294. Let g(c) = -2*c - 41. Let h be g(k). Let y(d) = d + 1 + 1 + 3. Calculate y(h).
-4
Let t(k) = -k**2 - 20*k + 13. Let u be (-5022)/(-10) - 1/5. Let b = -523 + u. Calculate t(b).
-8
Let g(r) = -18*r + 71. Let n(v) = -5*v + 17. Let o(t) = 3*g(t) - 9*n(t). What is o(7)?
-3
Let m be (-4 - 38/(-4)) + (-1)/(-2). Let d(k) = 4*k**2 - 6*k**2 - m*k + 5*k**2 + 7 - 14. Let r(j) = j**2 - j - 1. Let u(x) = -d(x) + 2*r(x). Calculate u(6).
-7
Let n(g) = 3*g**2 + g + 1. Let s(l) = l**2 + 19*l - 24. Let f be s(-20). Let d be (-6)/(8*(-1)/f). Calculate n(d).
25
Let m(k) = -419 + 213 - 11*k**2 + 214 - k**2 + 14*k - k**3 + 3*k**2. Give m(-10).
-32
Suppose 9*z + 4*z = 5733. Let c = z + -443. Let r(q) = -5*q + 2. Determine r(c).
12
Let b(x) = x**3 + 2*x**2 + 10*x + 14. Let v be b(-2). Let h be -3*6 - (0 - (-24)/v). Let w(m) = -m**3 - 13*m**2 + 14*m - 1. Determine w(h).
-1
Let l = -3 - -5. Let b(n) = 6*n**3 - 3*n**2 + 4 + 0*n**2 - 7*n**3 - 2*n**l. What is b(-5)?
4
Let i(k) = k**2 + 4*k + 5. Let x(o) = -o**2 - 25*o + 60. Let r be x(-27). Suppose -r*u + 24 = -0. Suppose 16 = -8*w + u*w. What is i(w)?
5
Let d = 42 + -33. Suppose -5*k = -39 + d. Let i(u) = 3 - 1 - k + 0*u**2 + u**2 - 3*u. Determine i(4).
0
Suppose -4*s - 155105 = s - 3*z, 4*s = -5*z - 124084. Let m be 0 + (-4)/(-6) - s/201. Let q = m + -149. Let n(d) = d**3 - 8*d**2 + 6*d + 8. Calculate n(q).
-28
Let k(q) = -87*q - 1298. Let z be k(-15). Let c(l) = -l**3 + 7*l**2 + 4*l - 10. Calculate c(z).
18
Let n(r) = -2*r**2 - 38*r - 165. Let t be n(-9). Let x(y) = y**2 - 14*y - 17. What is x(t)?
-2
Suppose 93 = -9*t + 57. Let u(z) = 3*z**3 + 8*z**2 + 15*z + 11. Let s(f) = -2*f**3 - 5*f**2 - 10*f - 7. Let b(a) = -7*s(a) - 5*u(a). Determine b(t).
-2
Let d(s) be the first derivative of s**4/4 + s**3 - 2*s**2 - 2*s + 3. Let l be d(-4). Let p(b) = 4 - 2 + b**2 - 10 + 2*b**2 + 2*b + 9. Determine p(l).
9
Let a(y) be the second derivative of -y**4/12 - 49*y**3/6 + 339*y**2/2 + 46*y + 68. What is a(6)?
9
Let p = -798 + 814. Let r be 2/1*1 - -3. Suppose r*z = 3*z - p. Let i(s) = s**2 + 7*s - 2. Calculate i(z).
6
Let o(m) be the first derivative of -m**6/120 + m**5/10 - m**4/24 - 2*m**3/3 - 7*m**2 + 3*m + 21. Let b(x) be the second derivative of o(x). Calculate b(6).
-10
Let i(k) = -k. Suppose 0 = -j - 2*j - 18. Let d(a) = 7*a - 5. Let s(o) = j*i(o) - d(o). Let v = -16775 - -16781. Give s(v).
-1
Let a(q) = q - 1. Let h(s) = 37*s + 22. Let p(o) = 21*o + 10. Let u(v) = -4*h(v) + 7*p(v). Let z(k) = 2*k - 7. Let j be z(-6). Let y be u(j). Give a(y).
0
Suppose -7*n - 253 + 246 = 0. Let q(d) = -7*d. Give q(n).
7
Let h(r) = 11982*r + 159 + 11983*r - 24004*r. Give h(4).
3
Let u(y) = -5*y**3 - 7*y**2 - 21*y - 23. Let o(p) = 16*p**3 + 20*p**2 + 63*p + 69. Let i(b) = -4*o(b) - 13*u(b). Determine i(-9).
-4
Let b(d) = 14*d**2 + 142*d + 18. Suppose -521 - 273 = 91*l + 116. What is b(l)?
-2
Let b(m) = -2*m**3 - m**2 - m + 1. Let q(z) = -11*z**3 + 7*z**2 - 14*z + 5. Let o be -6 + 1 + 7 + 0 - 1. Let c(l) = o*q(l) - 5*b(l). Give c(11).
22
Let s(a) = -27*a + 7. Suppose 5 = p, 87*q = 89*q - 5*p + 21. Give s(q).
-47
Let j(h) = h**2 + 2. Suppose -r - 19 = -4*y - 3, 0 = y - r - 1. Let i be (30/27*-6)/(y/45). Let u be ((-12)/i)/(2/30). Give j(u).
11
Suppose -5*a = -2*a + 21. Let t(b) = 7*b**3 - 7*b**2 + 3*b - 6. Let k(u) = -8*u**3 + 3 - 3*u + 7*u**2 + u + 3*u**3 + 2. Let g(n) = 4*k(n) + 3*t(n). Give g(a).
-5
Suppose 250 = 20*v + v + 29*v. Let i(b) = 10*b - 67. Determine i(v).
-17
Let q(t) = -t - 10. Let n = 7 + -5. Suppose -2*z - 7 = -n*m + 3, 0 = -2*z - 3*m. Let b(x) = 3*x + 21. Let l(i) = z*b(i) - 7*q(i). What is l(9)?
-11
Let l(p) = 33*p + 45. Let a(q) = -28*q - 36. Let b(r) = 7*a(r) + 6*l(r). Give b(0).
18
Let c(l) be the first derivative of 3 - 1/2*l**4 - 2/3*l**3 + 0*l + 0*l**2. Suppose 0 = 4*j + 602 - 297 - 297. Calculate c(j).
8
Let g(z) = 3*z + 3. Let k be g(-2). Let a(y) be the first derivative of 2*y**3/3 + 2*y**2 + 3*y - 1758. Determine a(k).
9
Suppose -8 = 4*s, -5*u + 47 = -3*s + 1. Suppose 0 = -2*v + z + 4, -4*v - 8*z = -13*z - u. Let m(c) = 4*c**3 + c**2 - 5*c**3 + 2*c + 0*c**3 + 1. What is m(v)?
1
Let w = -14 + 16. Suppose -54 = 5*q + 4*y, 4*q - 5*y + 27 + 8 = 0. Let p be 4 - (-3 - q/w). Let i(h) = h**3 - 2*h**2 - h + 1. Determine i(p).
-1
Let p(n) = 20*n + 10. Let u be (1 + -2)*5 + 6/(-6) + 6. Determine p(u).
10
Let l(j) = -6624*j + 6624*j + 0*j**2 - 2*j**2. Calculate l(4).
-32
Let c(x) = -8*x + 2. Let z be (-9)/4 + 12/48. Let y(l) = l - 2. Let n(h) = z*c(h) - 2*y(h). Calculate n(1).
14
Let q = -10 - -20. Let s(k) be the first derivative of -k**4/4 + 10*k**3/3 + k**2/2 - 6*k + 11222. Determine s(q).
4
Let c(u) = -4*u**3 - 24*u**2 + 2*u + 13. Let s(i) = i**3 - 117*i**2 - 120*i + 230. Let m be s(118). What is c(m)?
1
Let y(v) = -2*v + 3. Let q(w) = 1 + 23 + 34 - 310*w + 316*w. Let g be q(-10). Let f(d) = -d**3 - d**2 + 6*d + 10. Let h be f(g). Calculate y(h).
-1
Suppose 664*w + 4*h = 663*w + 72, -5*w + 3*h - 31 = 0. Let o(x) = 7 - 4